*f - 114. Let t(g) = 6. Let q(s) = -m(s) - 6*t(s). Determine q(-4).
-2
Let t(y) = -y**3 + 4*y**2 + 6*y - 2. Let r(k) = k**3 - 14*k**2 + 13*k - 20. Let z be r(13). Let f be (-7381)/(-110) + 2/z. Let p = f - 62. What is t(p)?
3
Let d(b) = -b**3 - b**2 - 2*b - 5. Let k(s) = 2*s**3 + 2*s**2 + 4*s + 11. Let t(l) = -5*d(l) - 2*k(l). Suppose -8 = 5*h + 2*h + 6. Calculate t(h).
-5
Let k(h) = -h - 18. Let s = -790 - -781. Calculate k(s).
-9
Let d(a) = a**3 + 7*a**2 + a - 4. Suppose -2*f = -2*g + 16, -f + 0 = -3*g + 14. Let s(q) = 11 - 3 + 18*q + 0*q**2 + 3*q**2. Let p be s(f). What is d(p)?
-11
Let y(k) = -k**2 + k + 6. Let z(j) = j**2 - 2*j - 29. Let r(h) = 5*y(h) + z(h). Give r(3).
-26
Let i(r) be the second derivative of 5/6*r**3 + 0 + 2*r**2 + 31*r. Give i(-3).
-11
Let y(w) be the first derivative of -w**4/4 + w**3 - 3*w**2/2 - w - 2. Let a(b) = 2*b + 57. Let q be a(-20). Suppose -2 + q = 5*p. What is y(p)?
-10
Let g(m) = 17*m - 55. Let k(n) = -17*n + 33. Let v(i) = 7*g(i) + 6*k(i). Determine v(12).
17
Let h(p) = p**3 - 6*p**2 + 6*p + 1. Let t(j) = -1 - 11*j + 11*j + 3*j**2 - 27*j - 6. Let s be t(8). Let d = s + 36. Calculate h(d).
6
Let w(o) = -o**3 - 6*o**2 + 3*o - 3. Suppose 10*p - 35 = -4*j + 5*p, -3*p + 4 = -j. Suppose -4*z + 2*u = 16, -j*u - 38 = 4*z - z. What is w(z)?
-21
Let q(l) = -16*l + 184. Let t be q(7). Let h = t + -61. Let s(g) = g**3 - 11*g**2. What is s(h)?
0
Let p(k) be the third derivative of k**6/60 + k**5/12 + k**4/8 - k**3/2 + 370*k**2. Let x be (-48)/14 - (405/(-63) - -6). Determine p(x).
-21
Let z(y) = 2*y**3 - 3*y**2 - y - 3. Suppose 5*a = 5*n - 10, 3*a - 4*n - 9 + 14 = 0. What is z(a)?
-81
Let t(h) = h**2 + h - 41. Let z be 30/75 + 2/(20/6). Let q(a) = a**3 + 9*a**2 - 11*a + 1. Let k be q(z). Give t(k).
-41
Let d(q) = 5*q - 23*q**2 + 9*q - 23*q**2 + q**3 + 60*q**2 + 190. Give d(-14).
-6
Let r(x) = 34*x - 37 - 20*x - 24 + 55 + 18*x. Give r(1).
26
Let m(a) be the second derivative of -8/3*a**3 + 0*a**2 + 1 - 30*a. Give m(-1).
16
Let k = -15 - -31. Suppose -13*t - 72 = -k*t. Let j = t + -27. Let c(b) = -b. Give c(j).
3
Let u(a) = -18*a + 61. Let t(c) = -c**2 - 6*c + 394. Let f be t(17). What is u(f)?
7
Let s(u) = u**2 - 17*u + 9. Suppose -194 = 5*q - 26*q + 58. Give s(q).
-51
Let o(h) = -h**3 + 6*h**2 + 8. Let n = 37 - 39. Let x be 2024/345 - n/15. What is o(x)?
8
Let t(c) = -c**2 - 7*c + 6. Let n(r) = -r**2 - 18*r + 80. Let j(z) = -z**3 + 8*z**2 - 6*z + 26. Let s be j(8). Let k be n(s). Give t(k).
-2
Suppose -3*d = 3*w + d - 30, 2*d + 48 = 3*w. Let f be 6/21*(-6)/(12/w). Let y(g) = 2*g**2 - g. Determine y(f).
10
Let w(c) = -6*c + 1. Let j(r) = -r**3 + 19*r**2 + 1. Suppose 0*k + 22 = 2*k + 4*u, 2*k - 58 = 5*u. Let p be j(k). Let t be 1 + (-3 - p) + 2. What is w(t)?
7
Let b(k) = 12*k**2 + 48*k + 4. Let f be -4 + 0/(-3*6/9). Let z be b(f). Let q(l) = l**3 - 3*l**2 + l - 4. Determine q(z).
16
Let m(u) be the third derivative of u**5/60 + u**4/3 - 10*u**3/3 - 970*u**2. Give m(-9).
-11
Let m(j) be the third derivative of j**7/5040 - j**6/240 - j**5/20 - j**2. Let u(z) be the third derivative of m(z). Let i = -334 + 342. What is u(i)?
5
Let q(y) = y**2 - 5*y - 44. Let s(h) = -178*h - 14765. Let m be s(-83). Give q(m).
-8
Let p(k) = -k**3 - 10*k**2 - 9*k + 4. Let m = -10124 - -10115. Calculate p(m).
4
Suppose -115*a + 88*a + 69 = 15. Let r(m) = -2*m**3 - 2*m**2 + m - 4. Give r(a).
-26
Suppose 92 = 3*l + 5*z + 67, -5*l + 2*z + 21 = 0. Let t(v) = -14 - v + 28 - l + 2*v. Give t(-7).
2
Let k(d) = d**2 + d - 1. Let p(i) = 6*i**2 + 4*i - 22. Let q(z) = -5*k(z) + p(z). Let o = -312 - -320. Let x be (0 + -3 - (-24)/o)/(-1). Calculate q(x).
-17
Let t = -127 + 85. Let z = 43 + t. Let d(q) = q**2 - q - 1. Let w(r) = -r**2 + 2*r - 1. Let j(m) = z*w(m) - d(m). Calculate j(3).
-9
Let q(i) = -1428*i**2 + 714*i**2 - 2*i - 17*i**3 + 712*i**2. Suppose 0 = 3*f + 2*h + 11, 7*f + 15 = 8*f - 4*h. What is q(f)?
17
Let z(b) be the second derivative of b**3/3 + b**2/2 + 6*b. Let j = -1362 - -1361. What is z(j)?
-1
Let t(j) be the third derivative of 7*j**4/24 + 11*j**3/3 + 4*j**2 - 27*j + 14. Give t(3).
43
Suppose h + 2*h = 12. Let j(n) be the first derivative of -n**2/2 + 2*n - 1850. Determine j(h).
-2
Let m(z) = -10*z**2 - z**2 + 2*z + 10742 - 10704 + 10*z**2. Determine m(7).
3
Let s = -1834 + 1832. Let l(t) be the third derivative of t**6/360 + t**4/8 + t**2. Let r(g) be the second derivative of l(g). Calculate r(s).
-4
Let t(a) be the second derivative of -2*a**3/3 + 43*a**2/2 + 46*a. Let c be t(10). Let w(y) = -y + 5. Determine w(c).
2
Let k(y) = -2*y**2 - 13*y - 20. Let l be (8/(-2))/(-8 - 2 - -12). Let f be k(l). Let m(z) = 2*z**3 - z**3 - 2*z**3 + 1 + z. Calculate m(f).
7
Let x be (280/45)/(-7) - 95/45. Let z(g) = -2*g + 11. What is z(x)?
17
Let z(i) = -10*i + 47. Let n be (-848)/(-176) - (-1 + 54/66). What is z(n)?
-3
Let s(i) = -165*i + 1582 - 1584 + 159*i + i**3 + 5*i**2. Suppose -5*b + 9 = -3*u - 14, -3*u = 5*b + 13. Determine s(u).
-2
Let m(a) = -3*a**2 + 10*a + 11. Let k be m(-1). Let p(u) = -u**2 + 14*u + 19. What is p(k)?
-13
Let b(d) = -2*d**2 + 14*d - 101 + 42 + 128 + d**2. Give b(-4).
-3
Let l(d) = -d**2. Let z = 74 - 73. Let n(v) = 27*v**2 + z - 58*v**2 + 27*v**2. Let t(w) = 2*l(w) - n(w). Give t(-1).
1
Let u(v) be the first derivative of -v**2/2 - 40*v + 11717. Calculate u(-32).
-8
Suppose 2*h - 18 = 4*l, -h - 3*l - 18 = -7. Let i(s) be the first derivative of 5*s**2 - 7*s + 9621. What is i(h)?
3
Let t(q) = -5*q**3 - q**2 + 2*q - 1. Let n = -54 + 59. Suppose -n*m = -2*m - 36. Let k be ((-2)/m)/(3/(-18)). Determine t(k).
-5
Let p be (156/(-117))/((-4)/6). Let r(t) = t**2 - 6*t - p + 5 + 12*t. Calculate r(-7).
10
Let u(p) = -p - 1. Let q(s) = -12 - 19*s - 33*s**2 + 7*s + 32*s**2. Let r(l) = q(l) - 3*u(l). Determine r(-9).
-9
Suppose 0 = -15*p + 39*p + 648. Let m(b) = -b**2 - 29*b - 45. What is m(p)?
9
Let q be 5*-2*(-6)/15. Suppose i - 3*i = q, 3*f = -4*i - 5. Let w(n) = -28*n + 67*n - 38*n - 10*n**2 - 4*n**2 + n**2. What is w(f)?
-12
Let x(h) = 15*h**3 - h**2 + 9*h - 5. Let c be x(1). Let q(t) = -3*t**2 + 41*t + 237. Determine q(c).
3
Let g(d) = 0 + 1 - d**2 + 2 + 3*d - 4. Suppose -2*w - 11 = -5*f, 0 = -2*f + 62*w - 60*w + 8. Calculate g(f).
1
Suppose h = -3*d + 2, -2*d = -2*h + 4*h. Let a(r) = -20*r + 37. Let j be a(d). Let t(u) = -u + 14. Determine t(j).
-3
Let l = 165 - 150. Let i(w) = -l*w + 43*w - 12*w - 14*w. Calculate i(6).
12
Let c = 115 + -107. Let s(b) = -b**3 + 8*b**2 + 8*b - 63. Let r be s(c). Let f(i) = -15*i**2 - i + 1. Calculate f(r).
-15
Let n(t) be the third derivative of t**5/60 + 5*t**4/12 - 8*t**3/3 - 9120*t**2. Let y be 6/21 - (-79)/(-7). Determine n(y).
-5
Let d(i) be the third derivative of -i**5/60 - 35*i**3/3 - 470*i**2. Determine d(0).
-70
Let i(z) = -4*z + 30. Let x be i(7). Suppose 5727 = 3*n + 2*c + c, -3824 = -x*n + c. Let m(b) = 2*b**2 - n + 0*b**2 + 1915 - 5*b. What is m(3)?
7
Let z be (1 + -1)*(-13 + 12). Suppose z = 11*o - 8*o - 3. Let i(q) = -9*q. What is i(o)?
-9
Let x(v) = -v**3 - v**2 + 10*v + 15. Let k be x(-2). Let a be (-1)/(-2)*1*34. Let l(f) = -4 + 5 + f - 3*f**2 + 8*f**2 + a*f**2. Give l(k).
22
Let c(f) = -5*f + 5*f + 2 - f**2 - 3*f. Let r be (1 - 6) + 1 - -24. Suppose 0 = r*v - 27*v - 14. Determine c(v).
4
Suppose 2*z - 4*v - 75 = -3*z, -3*v = 0. Suppose -4*h - 3 = -l, -z = h - 5*l - 0*l. Let f(q) = -4*q + 3 + q - 7 + h*q. Give f(5).
-19
Let v(t) = -6*t - 83 - 31*t + 33 + 276. Let i be v(6). Let g(w) be the third derivative of -w**6/120 + w**5/20 + 5*w**4/24 + w**3/3 - w**2. Determine g(i).
6
Let t = 0 - 4. Let k(y) = -3*y**2 - 17*y + 6. Let x(u) = -u**2 - 6*u + 2. Suppose -26*d = -16*d + 40. Let n(a) = d*k(a) + 11*x(a). What is n(t)?
6
Let i(n) = -14 + 1173*n**2 + 8*n - 584*n**2 - 590*n**2 - 22. What is i(5)?
-21
Let w(p) be the third derivative of 4*p**4/3 + p**3 + 2*p**2 - 105*p. Give w(0).
6
Let u(o) = -2*o + 3*o - 2*o + 4*o + 8. Suppose -556 = 12*x - 484. What is u(x)?
-10
Suppose 2*d = -i + 5*i + 16, 0 = -5*i - 9*d + 26. Let g(b) = 2*b**2 - 52*b - 111. Calculate g(i).
1
Let v(t) = 4*t - 5. Suppose w + 24 - 47 = 0. Suppose -g + 48 = w*g. Calculate v(g).
3
Let d(a) = 58*a**2 - 8*a + 9. Let y(b) = -1016*b**2 + 137*b - 154. Let f(j) = 35*d(j) + 2*y(j). Let i be -2*(-4)/((-8)/6). Calcula